are the prime factors of 13584879?
3, 7, 11, 19603
List the prime factors of 141548085.
3, 5, 7, 71, 6329
What are the prime factors of 316754186?
2, 7, 22625299
What are the prime factors of 127160734?
2, 63580367
List the prime factors of 51429486.
2, 3, 8571581
What are the prime factors of 4234888?
2, 7, 47, 1609
List the prime factors of 1304031473.
5861, 222493
What are the prime factors of 1127708539?
19, 1033, 57457
List the prime factors of 167060703.
3, 109, 510889
List the prime factors of 419300348.
2, 47, 97, 22993
List the prime factors of 822377120.
2, 5, 73, 181, 389
List the prime factors of 291140976.
2, 3, 7, 29, 29879
List the prime factors of 470202002.
2, 3259, 72139
What are the prime factors of 214342443?
3, 7, 17, 37, 601
List the prime factors of 237864224.
2, 13, 571789
List the prime factors of 104358346.
2, 613, 85121
What are the prime factors of 300227723?
233, 1288531
List the prime factors of 1309935842.
2, 654967921
What are the prime factors of 3006838884?
2, 3, 7, 35795701
What are the prime factors of 532925636?
2, 3079, 43271
What are the prime factors of 149045215?
5, 11, 19, 193, 739
List the prime factors of 2207752047.
3, 53, 4628411
What are the prime factors of 223591438?
2, 7, 151, 105767
List the prime factors of 1370150580.
2, 3, 5, 47, 563, 863
List the prime factors of 255785926.
2, 11, 239, 48647
List the prime factors of 316262421.
3, 37, 197, 1607
List the prime factors of 178401772.
2, 44600443
List the prime factors of 246612623.
367, 671969
What are the prime factors of 45809532?
2, 3, 19, 66973
List the prime factors of 52741812.
2, 3, 4395151
What are the prime factors of 2952215984?
2, 2113, 87323
What are the prime factors of 272115499?
2341, 116239
List the prime factors of 188778310.
2, 5, 7, 571, 4723
What are the prime factors of 584422969?
13, 4349, 10337
What are the prime factors of 2061456501?
3, 13, 1091, 48449
What are the prime factors of 39293213?
31, 887, 1429
What are the prime factors of 43248678?
2, 3, 11, 655283
List the prime factors of 53815321.
7, 373, 20611
List the prime factors of 7003996305.
3, 5, 43, 313, 34693
What are the prime factors of 152766258?
2, 3, 29, 569, 1543
What are the prime factors of 19820135?
5, 19, 23, 47, 193
What are the prime factors of 330458183?
11, 139, 216127
List the prime factors of 134835830.
2, 5, 3671, 3673
What are the prime factors of 1802779995?
3, 5, 89, 15173
What are the prime factors of 190965110?
2, 5, 7, 2728073
What are the prime factors of 2327897854?
2, 281, 4142167
What are the prime factors of 802215097?
802215097
What are the prime factors of 290042085?
3, 5, 19336139
What are the prime factors of 237800817?
3, 4679, 5647
What are the prime factors of 36477408?
2, 3, 11, 34543
List the prime factors of 379394950.
2, 5, 11, 17, 40577
What are the prime factors of 56813778?
2, 3, 7, 150301
What are the prime factors of 1922920328?
2, 7, 31, 229, 691
What are the prime factors of 221266936?
2, 11, 1123, 2239
What are the prime factors of 1900260847?
31, 83, 738539
What are the prime factors of 2362835926?
2, 11, 107401633
What are the prime factors of 38136925?
5, 1525477
List the prime factors of 38930372.
2, 13, 167, 4483
List the prime factors of 143172410.
2, 5, 19, 41, 18379
List the prime factors of 46469445.
3, 5, 11, 25603
List the prime factors of 18700466.
2, 37, 252709
What are the prime factors of 3245364219?
3, 29, 101, 269, 1373
List the prime factors of 1341138561.
3, 7, 47, 1358803
What are the prime factors of 1452134154?
2, 3, 242022359
What are the prime factors of 3267372472?
2, 7, 13, 31, 144779
What are the prime factors of 4927317545?
5, 1231, 800539
List the prime factors of 2676918012.
2, 3, 251, 888751
What are the prime factors of 240326486?
2, 53, 2267231
List the prime factors of 874814344.
2, 233, 469321
List the prime factors of 35435100.
2, 3, 5, 29, 4073
List the prime factors of 58066510.
2, 5, 61, 95191
List the prime factors of 95166903.
3, 13, 2440177
List the prime factors of 112759795.
5, 22551959
What are the prime factors of 5644991796?
2, 3, 577, 815279
What are the prime factors of 113800301?
47, 2421283
What are the prime factors of 1380448194?
2, 3, 997, 230767
List the prime factors of 20389003.
20389003
What are the prime factors of 1878342723?
3, 139, 149, 3359
List the prime factors of 27536629.
599, 45971
What are the prime factors of 261511676?
2, 29, 2254411
What are the prime factors of 72816165?
3, 5, 6659
What are the prime factors of 467567454?
2, 3, 593, 131413
What are the prime factors of 24314669?
24314669
List the prime factors of 78545549.
421, 186569
What are the prime factors of 321385725?
3, 5, 52903
What are the prime factors of 601208507?
19, 31642553
List the prime factors of 1364371710.
2, 3, 5, 13, 1301, 2689
List the prime factors of 55114964.
2, 29, 61, 7789
List the prime factors of 770903083.
770903083
What are the prime factors of 472306728?
2, 3, 167, 117841
List the prime factors of 764672819.
857, 892267
What are the prime factors of 976791378?
2, 3, 53, 3071671
List the prime factors of 76087340.
2, 5, 7, 101, 5381
What are the prime factors of 1211646392?
2, 11, 929, 14821
What are the prime factors of 141494431?
13, 10884187
List the prime factors of 61871602.
2, 13, 17, 139981
List the prime factors of 6621321.
3, 7, 31, 1453
List the prime factors of 397232352.
2, 3, 11, 11399
List the prime factors of 704435517.
3, 71, 463, 2381
List the prime factors of 623527123.
19, 32817217
List the prime factors of 279033873.
3, 93011291
What are the prime factors of 68794840?
2, 5, 23, 37, 43, 47
What are the prime factors of 98490635?
5, 19698127
What are the prime factors of 148830314?
2, 74415157
List the prime factors of 148687278.
2, 3, 24781213
What are the prime factors of 561664829?
11, 51060439
List the prime factors of 15306174.
2, 3, 13, 149, 439
List the prime factors of 2862523620.
2, 3, 5, 11, 167, 787
List the prime factors of 20329638.
2, 3, 7, 29, 16691
List the prime factors of 248517892.
2, 7, 41, 71, 3049
What are the prime factors of 25864738?
2, 19, 680651
List the prime factors of 57892696.
2, 19, 127, 2999
What are the prime factors of 226123577?
59, 3832603
List the prime factors of 4399507592.
2, 549938449
List the prime factors of 99124283.
313, 316691
List the prime factors of 49575598.
2, 19, 109, 11969
What are the prime factors of 1421199073?
7, 203028439
What are the prime factors of 125347000?
2, 5, 163, 769
List the prime factors of 30887876.
2, 7721969
List the prime factors of 2606929464.
2, 3, 17, 599, 10667
List the prime factors of 4142875035.
3, 5, 13, 21245513
List the prime factors of 201441120.
2, 3, 5, 307, 1367
What are the prime factors of 1441279290?
2, 3, 5, 11, 1373, 3181
List the prime factors of 114446641.
114446641
List the prime factors of 503788122.
2, 3, 4217, 6637
What are the prime factors of 6411293798?
2, 7, 13, 35226889
List the prime factors of 297500477.
61, 73, 66809
List the prime factors of 1245893825.
5, 11, 43, 105361
What are the prime factors of 43251789?
3, 7, 29, 31, 79
What are the prime factors of 67353715?
5, 11, 13, 94201
List the prime factors of 27597893.
37, 353, 2113
What are the prime factors of 957350839?
37, 43, 89, 6761
List the prime factors of 1517118129.
3, 61, 2763421
List the prime factors of 192022292.
2, 7, 11, 283, 2203
What are the prime factors of 48521197?
6299, 7703
List the prime factors of 1908175207.
1908175207
What are the prime factors of 51587936?
2, 1612123
What are the prime factors of 3098814681?
3, 443, 2331689
List the prime factors of 133317840.
2, 3, 5, 555491
What are the prime factors of 807834137?
11, 73439467
List the prime factors of 5500994.
2, 19, 144763
List the prime factors of 5255265459.
3, 17231, 101663
What are the prime factors of 121050138?
2, 3, 11, 1181, 1553
What are the prime factors of 80976309?
3, 19, 31, 45827
List the prime factors of 384937686.
2, 3, 7, 1597, 1913
What are the prime factors of 57169293?
3, 41, 73, 6367
What are the prime factors of 1222854010?
2, 5, 7, 2819, 6197
List the prime factors of 615565108.
2, 53, 199, 14591
List the prime factors of 6725035.
5, 563, 2389
List the prime factors of 763387